prime factors of 1117886370.
2, 3, 5, 37262879
List the prime factors of 210857625.
3, 5, 11, 1549
List the prime factors of 3576525453.
3, 17467, 22751
List the prime factors of 6705552.
2, 3, 7, 2851
What are the prime factors of 198598879?
17, 11682287
List the prime factors of 88622912.
2, 7, 337, 587
What are the prime factors of 61652323?
37, 1666279
List the prime factors of 2470981742.
2, 103, 11995057
List the prime factors of 364108407.
3, 13, 367, 25439
List the prime factors of 1890892119.
3, 630297373
What are the prime factors of 115770699?
3, 11, 1169401
What are the prime factors of 45506189?
37, 1229897
What are the prime factors of 50842141?
7, 7263163
What are the prime factors of 1751120?
2, 5, 7, 53, 59
What are the prime factors of 4300232?
2, 19, 1489
What are the prime factors of 171459766?
2, 85729883
List the prime factors of 4679209907.
23, 167, 601, 2027
List the prime factors of 43850880.
2, 3, 5, 23, 331
What are the prime factors of 3217027720?
2, 5, 359, 224027
What are the prime factors of 3015901716?
2, 3, 8069, 31147
What are the prime factors of 102213543?
3, 34071181
List the prime factors of 27238471.
13, 17, 59, 2089
List the prime factors of 1477409376.
2, 3, 1867, 8243
What are the prime factors of 860241996?
2, 3, 3631, 6581
List the prime factors of 240319672.
2, 179, 257, 653
What are the prime factors of 339207494?
2, 17, 19, 73, 7193
What are the prime factors of 245983876?
2, 61495969
List the prime factors of 488624340.
2, 3, 5, 1433, 5683
List the prime factors of 139952723.
23, 6084901
What are the prime factors of 4319410?
2, 5, 61, 73, 97
List the prime factors of 24467109.
3, 683, 11941
List the prime factors of 191769111.
3, 127, 167777
List the prime factors of 3059057.
19, 233, 691
What are the prime factors of 2244887782?
2, 1122443891
List the prime factors of 29377485.
3, 5, 24179
What are the prime factors of 207088535?
5, 41417707
List the prime factors of 105583180.
2, 5, 1039, 5081
List the prime factors of 70536297.
3, 13, 43, 42061
List the prime factors of 53070122.
2, 7, 61, 62143
List the prime factors of 205769077.
673, 305749
What are the prime factors of 2107292795?
5, 8821, 47779
What are the prime factors of 105835539?
3, 383, 92111
What are the prime factors of 1580483588?
2, 1471, 268607
List the prime factors of 14636805.
3, 5, 31, 31477
List the prime factors of 1055183352.
2, 3, 263, 349, 479
What are the prime factors of 287859600?
2, 3, 5, 7, 11423
What are the prime factors of 314588775?
3, 5, 31, 269, 503
What are the prime factors of 193917454?
2, 41, 2364847
What are the prime factors of 478706946?
2, 3, 79784491
List the prime factors of 95735685.
3, 5, 6382379
List the prime factors of 2680821114.
2, 3, 59, 7572941
List the prime factors of 1087939788.
2, 3, 13, 6973973
What are the prime factors of 748775915?
5, 61, 2455003
List the prime factors of 51369033.
3, 167, 102533
List the prime factors of 4019502595.
5, 137, 673, 8719
List the prime factors of 351027924.
2, 3, 13, 101, 22279
What are the prime factors of 856139492?
2, 13, 2339, 7039
What are the prime factors of 14519597?
251, 57847
What are the prime factors of 46302666?
2, 3, 1069, 7219
What are the prime factors of 48912406?
2, 24456203
List the prime factors of 54865355.
5, 10973071
What are the prime factors of 87011307?
3, 41, 83, 947
What are the prime factors of 49056825?
3, 5, 107, 6113
What are the prime factors of 170096198?
2, 181, 469879
What are the prime factors of 298998256?
2, 18687391
List the prime factors of 272126536.
2, 11, 3092347
What are the prime factors of 860064991?
727, 1183033
What are the prime factors of 127385260?
2, 5, 479, 13297
What are the prime factors of 328522034?
2, 29, 5664173
List the prime factors of 22684010.
2, 5, 199, 11399
List the prime factors of 1235840225.
5, 49433609
List the prime factors of 290081294.
2, 379, 382693
List the prime factors of 59058526.
2, 23, 1283881
What are the prime factors of 3204430339?
11, 291311849
What are the prime factors of 1557098234?
2, 8467, 91951
What are the prime factors of 89116162?
2, 4801, 9281
List the prime factors of 79802521.
113, 211, 3347
List the prime factors of 210501317.
13, 16192409
What are the prime factors of 542630197?
37, 61, 240421
List the prime factors of 63158471.
63158471
List the prime factors of 1233800539.
109, 691, 16381
What are the prime factors of 210628280?
2, 5, 5265707
List the prime factors of 2917871281.
13, 224451637
What are the prime factors of 170674313?
31, 97, 211, 269
List the prime factors of 990873402.
2, 3, 165145567
List the prime factors of 77466175.
5, 3098647
What are the prime factors of 131930720?
2, 5, 709, 1163
What are the prime factors of 93337335?
3, 5, 7, 13, 23, 991
List the prime factors of 48756722.
2, 7, 3482623
List the prime factors of 48456464.
2, 7, 59, 7333
List the prime factors of 62336681.
11, 5666971
List the prime factors of 5695920208.
2, 11, 32363183
List the prime factors of 1089891570.
2, 3, 5, 23, 1579553
List the prime factors of 267028133.
267028133
What are the prime factors of 65357502?
2, 3, 7, 127, 12253
List the prime factors of 807522637.
8807, 91691
What are the prime factors of 421634369?
13, 907, 35759
What are the prime factors of 127154700?
2, 3, 5, 141283
List the prime factors of 242521602.
2, 3, 40420267
List the prime factors of 79848352.
2, 199, 12539
List the prime factors of 53673609.
3, 11, 103, 15791
What are the prime factors of 995409240?
2, 3, 5, 7, 19, 47, 1327
What are the prime factors of 1630259122?
2, 127, 1597, 4019
List the prime factors of 77552475.
3, 5, 7, 11, 13, 1033
List the prime factors of 102202407.
3, 769, 14767
List the prime factors of 4106251362.
2, 3, 684375227
What are the prime factors of 452679746?
2, 863, 262271
List the prime factors of 8519848270.
2, 5, 851984827
What are the prime factors of 530950691?
530950691
List the prime factors of 130730633.
11, 11884603
List the prime factors of 1033903588.
2, 421, 613957
List the prime factors of 1144422105.
3, 5, 76294807
What are the prime factors of 62288750?
2, 5, 49831
List the prime factors of 286875475.
5, 1021, 11239
List the prime factors of 31901400.
2, 3, 5, 37, 479
List the prime factors of 1556779938.
2, 3, 7, 71, 522059
What are the prime factors of 26087674?
2, 13043837
List the prime factors of 125741270.
2, 5, 31, 587, 691
List the prime factors of 135189450.
2, 3, 5, 11, 31, 881
List the prime factors of 56524958.
2, 7, 103, 39199
What are the prime factors of 63903101?
63903101
What are the prime factors of 738866059?
31, 347, 68687
List the prime factors of 61270672.
2, 181, 21157
List the prime factors of 497806044.
2, 3, 523, 79319
What are the prime factors of 145834932?
2, 3, 239, 50849
List the prime factors of 719243702.
2, 16061, 22391
List the prime factors of 219607034.
2, 109803517
What are the prime factors of 2511954794?
2, 1811, 693527
List the prime factors of 21232096.
2, 41, 16183
List the prime factors of 232889800.
2, 5, 11, 13, 17, 479
What are the prime factors of 5733626199?
3, 7, 273029819
What are the prime factors of 55432054?
2, 27716027
List the prime factors of 67932811.
31, 79, 27739
What are the prime factors of 2059040?
2, 5, 17, 757
What are the prime factors of 11948029?
29, 412001
List the prime factors of 54333686.
2, 11, 37, 66749
List the prime factors of 35969981.
35969981
List the prime factors of 497735461.
727, 684643
What are the prime factors of 2007182974?
2, 29, 1319, 26237
List the prime factors of 708089647.
61, 2039, 5693
List the prime factors of 1236893113.
103, 617, 19463
What are the prime factors of 206249470?
2, 5, 7, 37, 79633
What are the prime factors of 148431679?
11, 37, 347, 1051
What are the prime factors of 972445175?
5, 13, 19, 23, 41, 167
List the prime factors of 84603065.
5, 2017, 8389
List the prime factors of 381026259.
3, 37, 1144223
List the prime factors of 200632266.
2, 3, 17, 23, 29, 983
List the prime factors of 1163327260.
2, 5, 58166363
What are the prime factors of 1538837801?
12899, 119299
List the prime factors of 4583045786.
2, 11, 53, 3930571
What are the prime factors of 259148016?
2, 3, 1799639
List the prime factors of 3043965480.
2, 3